
18
Let z(l) = -9*l - 15. Let g be z(-7). What is the greatest common factor of 12 and g?
12
Let z be (20/3)/(10/15). Calculate the highest common factor of z and 50.
10
Suppose 0 = 2*z - 0*z - 46. Calculate the highest common factor of z and 207.
23
Suppose 5*m - 240 = 2*m. Let h(n) = n**3 - 10*n**2 - 9*n - 2. Let j be h(11). Calculate the highest common divisor of j and m.
20
Suppose 4*q - 3*o - 67 = -9, -2*o - 28 = -2*q. What is the highest common divisor of q and 128?
16
Let r be 2/(-2*1) - -6. Let l(x) = x**2 - 2*x + 38. Let f be l(0). Let a = -33 + f. What is the highest common factor of r and a?
5
Let f(v) = v**2 + v - 2. Let n be f(-2). Suppose -2*q = -8 - n. Suppose -3*t = -2*l + 10, -q*t = l - 2*t - 5. What is the greatest common factor of 1 and l?
1
Let c be 14*((-1)/(-2))/(-1). Let m = 11 + c. What is the highest common factor of m and 4?
4
Let f(k) be the third derivative of -1/12*k**4 - 4*k**2 + 13/60*k**5 - 1/2*k**3 + 0 + 0*k. Let q be f(-3). What is the highest common factor of q and 15?
15
Suppose 5*n = 4*p - 418 - 538, 5*p + 5*n = 1150. What is the highest common divisor of 26 and p?
26
Suppose 3*f - 137 = -5*o, -280 = -5*f - 3*o + 5*o. Calculate the highest common divisor of 6 and f.
6
Let f(a) = -a**3 + 6*a**2 - 6*a + 6. Let o be f(5). Calculate the greatest common factor of 1 and o.
1
Suppose 264 = -5*i + 6*i. Suppose -4*o + o + i = -2*x, -2*o + 3*x = -176. Let m be 2/(-4) + (-17)/(-2). What is the highest common factor of m and o?
8
Suppose 0 = -i - 2*b + 134, 3*i + 0*b = 3*b + 429. Calculate the highest common divisor of i and 56.
28
Suppose 2*f = l + 416, f + 0*f + 4*l = 208. What is the highest common divisor of f and 26?
26
Suppose 5*q - 30 = -5*d, 0 = d - 5*q - 4 - 2. Let t = -4 - -6. Suppose 3*r - 40 = -n - n, 0 = t*r - 5*n - 14. Calculate the greatest common factor of r and d.
6
Suppose 5*p - 74 = 6. Suppose 19 = c + 3*j - 4, p = -4*j. Calculate the highest common divisor of c and 14.
7
Suppose 2*m - 33 - 5 = 0. Suppose i = 4*i + 4*h - 2274, -4*i = 5*h - 3033. Let y be i/5 + 4/(-10). Calculate the highest common factor of m and y.
19
Let s be (54 - (-5 - -3)) + -2. Suppose 0*c + s = p + 5*c, 0 = 5*c - 10. What is the greatest common factor of p and 4?
4
Suppose -2 = -3*z + 1, 5*m - 3*z - 82 = 0. What is the greatest common factor of m and 17?
17
Suppose 0 = -3*r + p + 308, -6 = -3*p + 6. Suppose m - r = -5*j, 0 = 3*j - m + 3*m - 61. What is the greatest common divisor of j and 231?
21
Let t = 29 - 17. Suppose 4*b + n - 14 = -n, 3*b + 7 = -5*n. Calculate the highest common divisor of t and b.
6
Let c(g) = g**3 - 10*g**2 - g + 54. Let u be c(10). Let j = -2 + 6. Suppose j*t = -0*t + 44. What is the highest common divisor of u and t?
11
Suppose -96 = -3*r - 2*z, 4*z = -0*z - 12. What is the highest common factor of 102 and r?
34
Let f(m) = m**3 - 4*m**2 + 2*m - 1. Let h = -4 - -7. Let t be f(h). Let i(z) = z + 5. Let g be i(t). Calculate the greatest common factor of 1 and g.
1
Let x(a) = a**2 - 2*a. Let t be x(3). Suppose t*z = 86 + 46. What is the highest common divisor of 11 and z?
11
Let p = 12 - 8. Suppose 2*a + p = 3*a. What is the greatest common factor of 4 and a?
4
Let v(d) = -d - 1. Let l be v(-6). Calculate the highest common divisor of l and 85.
5
Let b be 1484/35 - (-2)/(-5). Calculate the greatest common factor of 14 and b.
14
Let y(o) = -3*o**3 - 4*o**2 - 6*o - 9. Let s be y(-4). What is the highest common factor of s and 13?
13
Let n = -9 + 39. Suppose -o + 123 = 2*k - 24, -372 = -5*k - o. What is the highest common divisor of n and k?
15
Suppose -165 = -5*v - 0*v + 2*y, -3*y = v - 33. Let m be 2/(-5) - (-51)/15. What is the highest common factor of m and v?
3
Let k = 705 + -419. Suppose 4*o - k = -6. Suppose 2*x + 4*f = 16, 2*f + 0*f = -4*x + 50. Calculate the highest common divisor of x and o.
14
Let q(r) = r - 2. Let y be q(4). Suppose 0 = -y*f - 2 + 32. Suppose 5*z + 5 = -0, 4*j + 3*z = 417. What is the greatest common divisor of f and j?
15
Suppose -8*l = -4*l - 108. What is the highest common factor of l and 18?
9
Let z(g) = -g - 10. Let s be z(-13). Calculate the greatest common factor of s and 1.
1
Suppose -2*w + 363 = w. What is the highest common factor of 11 and w?
11
Suppose 0 = -2*d + 3*u + 63, u = 2*d + 2*u - 59. What is the greatest common factor of 45 and d?
15
Let f(m) be the third derivative of -m**6/60 + m**5/30 - m**4/12 - m**3/6 - m**2. Let v be f(-3). Calculate the highest common factor of v and 11.
11
Let d(t) = 3*t**2 - 6*t - 2. Let i be d(7). Let w = 29 + i. Let y = 8 + 4. Calculate the greatest common divisor of y and w.
12
Let t = 27 - 16. Let r be t + 3*1/3. Calculate the greatest common factor of 12 and r.
12
Let l(z) = -99 - z**3 + z**2 - 50 + 3*z**2 - 3*z**2. Let f be l(0). Let p = f + 277. Calculate the highest common factor of p and 16.
16
Let d(r) = r + 5. Let o be d(-8). Let a(n) = -3*n. Let g be a(o). Calculate the greatest common divisor of 1 and g.
1
Suppose 4*j + 3*u - 45 = -2, 0 = -4*j + 2*u + 38. What is the highest common factor of 2 and j?
2
Suppose -v - 3*v = -2*l + 2, -3*v = 4*l - 15. Calculate the highest common divisor of v and 11.
1
Let u be 7*18*(-54)/(-63). Let w be -12*(-3 - -2 - 0). What is the highest common divisor of w and u?
12
Suppose -2*j + 37 - 17 = 0. Calculate the highest common divisor of 40 and j.
10
Let m = 29 + -39. Let a = -6 - m. Calculate the highest common factor of a and 10.
2
Suppose 4*m + 4*l - 60 = -0*l, 5*m - 57 = 4*l. Calculate the highest common divisor of m and 26.
13
Let w(a) = -a**3 + 4*a**2 + 5*a + 2. Let m be w(4). Calculate the highest common divisor of 176 and m.
22
Let p(h) = 2*h**2 + 7*h - 6. Let b be p(-6). What is the highest common factor of 120 and b?
24
Let j be (-4)/(1*-2) - -5. Suppose 8 = 2*m, 6*m - 2*m = 2*f - 110. Calculate the greatest common factor of j and f.
7
Suppose -4*z - 5*h = -157, h - 4*h - 150 = -5*z. What is the highest common factor of z and 11?
11
Let r = 9 - 6. Suppose r*d = w + 79, 5*w - 64 = d - 3*d. Let j = -5 - -8. Calculate the greatest common divisor of d and j.
3
Let x(a) = a**2 + 2*a + 1. Let j be x(2). Calculate the greatest common factor of j and 9.
9
Let f be 58/18 + (-6)/27. What is the highest common factor of 33 and f?
3
Let z = -1 + 3. Suppose 2*p + z*p - 32 = 0. Calculate the highest common divisor of p and 72.
8
Let z be 26 + 33 - (0 - -4). Calculate the greatest common factor of z and 22.
11
Let d be 9/(-2)*(-3 + -3). Let g = d + 1. Let f(t) = 2*t**2 + t - 2. Let r be f(-2). What is the greatest common divisor of r and g?
4
Let m be -4 + 2 - (38 + -2). Let t = m + 64. What is the highest common divisor of t and 65?
13
Let t be 5*1/(-1)*-1. Let q = 221 + -166. Calculate the highest common divisor of q and t.
5
Let n = 10 + -2. Let i be (-2)/n + 595/(-20). Let t = i + 62. Calculate the highest common factor of 4 and t.
4
Suppose -4*w + 209 = -131. Let s = w + -61. Let u = 0 + 8. Calculate the highest common divisor of s and u.
8
Let g be (-1)/(-2) + (3 - 627/(-6)). What is the highest common factor of 27 and g?
27
Suppose 0 = 2*t + 3*t - 65. Suppose 0*z - 182 = -2*z. What is the greatest common divisor of z and t?
13
Let p(c) = -30*c + 2. Let g be p(-1). Let f = 2 - -4. Let l = f - 2. What is the greatest common factor of l and g?
4
Let o = 51 - 47. Calculate the highest common divisor of o and 1.
1
Let f be (-6)/9 + 310/6. Suppose -k + f = -57. What is the greatest common divisor of 12 and k?
12
Suppose -40 = -3*d + 14. Suppose 8*h = -9*h + 2142. Calculate the highest common divisor of d and h.
18
Let s = -15 + 18. Suppose -u - h + 50 = -2*h, 0 = -s*u + 4*h + 149. Calculate the greatest common factor of 17 and u.
17
Suppose 0 = -20*n + 22*n - 594. What is the highest common divisor of n and 11?
11
Suppose -4*j + 244 = 44. What is the greatest common factor of j and 25?
25
Let g be (6/(-5))/(5/(-25)). What is the highest common divisor of g and 54?
6
Let p(t) = t**3 + 10*t**2 + 9*t - 9. Let v be p(-7). Calculate the greatest common factor of 50 and v.
25
Let u be (-65 - 0/(-3))*10/(-25). Calculate the greatest common divisor of 104 and u.
26
Let a(n) = -n**3 - 4*n**2 + n - 6. Let f be a(-5). Suppose -2*k + 31 = -25. Calculate the highest common divisor of k and f.
14
Let w(